2?
2, 3, 17
List the prime factors of 49215.
3, 5, 17, 193
What are the prime factors of 9862?
2, 4931
What are the prime factors of 353?
353
What are the prime factors of 1570?
2, 5, 157
What are the prime factors of 30786?
2, 3, 7, 733
What are the prime factors of 74879?
7, 19, 563
List the prime factors of 16984.
2, 11, 193
List the prime factors of 3160.
2, 5, 79
What are the prime factors of 81040?
2, 5, 1013
What are the prime factors of 1856?
2, 29
List the prime factors of 81240.
2, 3, 5, 677
List the prime factors of 24258.
2, 3, 13, 311
What are the prime factors of 34014?
2, 3, 5669
What are the prime factors of 4468?
2, 1117
What are the prime factors of 7622?
2, 37, 103
What are the prime factors of 9371?
9371
What are the prime factors of 57132?
2, 3, 23
What are the prime factors of 9828?
2, 3, 7, 13
List the prime factors of 5557.
5557
What are the prime factors of 382?
2, 191
What are the prime factors of 27519?
3, 9173
What are the prime factors of 2252?
2, 563
List the prime factors of 5856.
2, 3, 61
List the prime factors of 112433.
29, 3877
List the prime factors of 4310.
2, 5, 431
What are the prime factors of 38562?
2, 3, 6427
List the prime factors of 72505.
5, 17, 853
List the prime factors of 100155.
3, 5, 11, 607
List the prime factors of 5319.
3, 197
List the prime factors of 3598.
2, 7, 257
List the prime factors of 34505.
5, 67, 103
What are the prime factors of 18397?
18397
List the prime factors of 58980.
2, 3, 5, 983
List the prime factors of 28038.
2, 3, 4673
What are the prime factors of 6080?
2, 5, 19
List the prime factors of 4040.
2, 5, 101
What are the prime factors of 2442?
2, 3, 11, 37
What are the prime factors of 813?
3, 271
What are the prime factors of 685?
5, 137
List the prime factors of 3344.
2, 11, 19
List the prime factors of 58390.
2, 5, 5839
List the prime factors of 934.
2, 467
What are the prime factors of 1840?
2, 5, 23
List the prime factors of 3789.
3, 421
What are the prime factors of 2595?
3, 5, 173
What are the prime factors of 77509?
77509
List the prime factors of 889.
7, 127
What are the prime factors of 4967?
4967
What are the prime factors of 62239?
109, 571
List the prime factors of 6392.
2, 17, 47
List the prime factors of 4439.
23, 193
List the prime factors of 552.
2, 3, 23
List the prime factors of 21842.
2, 67, 163
List the prime factors of 5785.
5, 13, 89
What are the prime factors of 3775?
5, 151
What are the prime factors of 40212?
2, 3, 1117
What are the prime factors of 33401?
127, 263
What are the prime factors of 1080?
2, 3, 5
What are the prime factors of 39035?
5, 37, 211
List the prime factors of 25033.
25033
What are the prime factors of 836?
2, 11, 19
What are the prime factors of 88345?
5, 17669
What are the prime factors of 36539?
61, 599
List the prime factors of 135983.
17, 19, 421
What are the prime factors of 136614?
2, 3, 22769
What are the prime factors of 75013?
75013
List the prime factors of 1367.
1367
List the prime factors of 40977.
3, 29, 157
What are the prime factors of 114717?
3, 38239
List the prime factors of 3418.
2, 1709
What are the prime factors of 225?
3, 5
List the prime factors of 491.
491
List the prime factors of 3577.
7, 73
What are the prime factors of 626?
2, 313
List the prime factors of 1182.
2, 3, 197
List the prime factors of 7069.
7069
List the prime factors of 8287.
8287
What are the prime factors of 14513?
23, 631
What are the prime factors of 1694?
2, 7, 11
List the prime factors of 16515.
3, 5, 367
List the prime factors of 16092.
2, 3, 149
List the prime factors of 774.
2, 3, 43
List the prime factors of 17157.
3, 7, 19, 43
What are the prime factors of 455?
5, 7, 13
What are the prime factors of 8150?
2, 5, 163
What are the prime factors of 9080?
2, 5, 227
List the prime factors of 1276.
2, 11, 29
List the prime factors of 21502.
2, 13, 827
List the prime factors of 50964.
2, 3, 31, 137
What are the prime factors of 7147?
7, 1021
List the prime factors of 8072.
2, 1009
What are the prime factors of 14785?
5, 2957
List the prime factors of 26357.
26357
List the prime factors of 681.
3, 227
What are the prime factors of 3286?
2, 31, 53
What are the prime factors of 1739?
37, 47
List the prime factors of 273.
3, 7, 13
List the prime factors of 19611.
3, 2179
List the prime factors of 1726.
2, 863
List the prime factors of 22640.
2, 5, 283
List the prime factors of 6754.
2, 11, 307
List the prime factors of 13109.
13109
What are the prime factors of 3486?
2, 3, 7, 83
List the prime factors of 8958.
2, 3, 1493
What are the prime factors of 49651?
7, 41, 173
List the prime factors of 6800.
2, 5, 17
List the prime factors of 29186.
2, 14593
What are the prime factors of 2340?
2, 3, 5, 13
List the prime factors of 5730.
2, 3, 5, 191
What are the prime factors of 7941?
3, 2647
List the prime factors of 8450.
2, 5, 13
List the prime factors of 1284.
2, 3, 107
What are the prime factors of 45560?
2, 5, 17, 67
What are the prime factors of 451?
11, 41
What are the prime factors of 1102?
2, 19, 29
List the prime factors of 6049.
23, 263
List the prime factors of 4322.
2, 2161
List the prime factors of 13545.
3, 5, 7, 43
What are the prime factors of 14537?
14537
What are the prime factors of 40417?
13, 3109
List the prime factors of 1053.
3, 13
What are the prime factors of 62?
2, 31
What are the prime factors of 4396?
2, 7, 157
What are the prime factors of 31958?
2, 19, 29
What are the prime factors of 10827?
3, 401
What are the prime factors of 7345?
5, 13, 113
What are the prime factors of 384?
2, 3
List the prime factors of 28783.
107, 269
What are the prime factors of 1017?
3, 113
List the prime factors of 555.
3, 5, 37
List the prime factors of 1591.
37, 43
What are the prime factors of 80043?
3, 26681
List the prime factors of 7614.
2, 3, 47
What are the prime factors of 1909?
23, 83
What are the prime factors of 2507?
23, 109
What are the prime factors of 687?
3, 229
List the prime factors of 101547.
3, 3761
List the prime factors of 54972.
2, 3, 509
What are the prime factors of 7193?
7193
What are the prime factors of 33692?
2, 8423
List the prime factors of 947.
947
List the prime factors of 1452.
2, 3, 11
What are the prime factors of 1393?
7, 199
List the prime factors of 715.
5, 11, 13
What are the prime factors of 37455?
3, 5, 11, 227
List the prime factors of 7525.
5, 7, 43
What are the prime factors of 639?
3, 71
List the prime factors of 9548.
2, 7, 11, 31
What are the prime factors of 15298?
2, 7649
List the prime factors of 37933.
7, 5419
List the prime factors of 47615.
5, 89, 107
What are the prime factors of 882?
2, 3, 7
List the prime factors of 107699.
107699
List the prime factors of 48608.
2, 7, 31
What are the prime factors of 85?
5, 17
List the prime factors of 66209.
11, 13, 463
List the prime factors of 6518.
2, 3259
List the prime factors of 25692.
2, 3, 2141
What are the prime factors of 3054?
2, 3, 509
What are the prime factors of 1511?
1511
What are the prime factors of 51651?
3, 1913
What are the prime factors of 1138?
2, 569
What are the prime factors of 8071?
7, 1153
What are the prime factors of 623?
7, 89
What are the prime factors of 72316?
2, 101, 179
List the prime factors of 3224.
2, 13, 31
List the prime factors of 25370.
2, 5, 43, 59
List the prime factors of 1922.
2, 31
List the prime factors of 12550.
2, 5, 251
What are the prime factors of 131215?
5, 7, 23, 163
List the prime factors of 642.
2, 3, 107
What are the prime factors of 43206?
2, 3, 19, 379
What are the prime factors of 2869?
19, 151
What are the prime factors of 1726?
2, 863
List the prime factors of 4935.
3, 5, 7, 47
What are the prime factors of 5329?
73
What are the prime factors of 526?
2, 263
What are the prime factors of 34535?
5, 6907
What are the prime factors of 6973?
19, 367
What are the prime factors of 1283?
1283
What are the prime factors of 2112?
2, 3, 11
List the prime factors of 460.
2, 5, 23
List the prime factors of 26250.
2, 3, 5, 7
List the prime factors of 39582.
2, 3, 733
List the prime factors of 26052.
2, 3, 13, 167
List the prime factors of 6172.
2, 1543
List the prime factors of 84552.
2, 3, 13, 271
List the prime factors of 16764.
2, 3, 11, 127
List the prime factors of 12362.
2, 7, 883
Wh